0, 4*j + 2*h = 2. Calculate the remainder when 16 is divided by j.
1
Let k = -13 + 31. Suppose -125 = -0*f - 4*f + 3*j, 5*j = 25. What is the remainder when f is divided by k?
17
Let z(b) = b**3 + 48*b**2 + 45*b + 262. Calculate the remainder when z(-47) is divided by 12.
8
Suppose -29*j = -33*j + 84. Suppose 3*d - 220 - 23 = 0. What is the remainder when d is divided by j?
18
Calculate the remainder when 1244 is divided by ((-49)/28)/(-2*2/16).
5
Suppose 4*r - 4*o + 16 = 0, 4*o - 22 = 3*r - 5*r. Suppose 32*i + 42 = 53*i. What is the remainder when r/(12/(-14) - -1) is divided by i?
1
Suppose 3*q - r = -2*r - 1, -2*r = -5*q + 13. Let i be (-1)/(-3 - (-20)/6). Let d = -1 - i. What is the remainder when d is divided by q?
0
Suppose 0 = 10*y - 1168 - 282. Calculate the remainder when y is divided by 17.
9
Let a(w) = -w**2 + 14*w + 5. Let b be a(14). Suppose 30 = f - b*g, 5*g - 2*g = f - 20. Calculate the remainder when 12 is divided by f.
2
Let p = 605 - 569. Let s(g) = 15*g**2 - 3*g - 2. What is the remainder when s(-3) is divided by p?
34
Suppose -56*p - 14*p + 770 = 0. Let c be (2/4 - 1)*2. Calculate the remainder when p is divided by 12/2 - (-2)/c.
3
Suppose 24 = c - 4*m, -3*c - c + 96 = 4*m. What is the remainder when (-18603)/(-156) - (-5)/(-4) is divided by c?
22
Suppose -2*p - 4*g = -134, -22*p + 21*p - 3*g = -63. Calculate the remainder when p is divided by 13.
10
Suppose 10*i = 1119 + 131. Let r = i + -19. Calculate the remainder when r is divided by 36.
34
Let a = 47 + -26. What is the remainder when 678/a - 6/21 is divided by 12?
8
Suppose -5*f + 122 = 3*g, -74 = -4*g + f + 104. What is the remainder when 170 is divided by g?
38
Let v be 15/(-3)*-2 + 1. Suppose -2*n + d + 2*d = -3, -3*n = 2*d - v. What is the remainder when 2/(-5) + (-74)/(-10) is divided by n?
1
Suppose 20 = 16*n - 44. Let d(r) = -15*r - 1. Let z be d(-2). Suppose -j + z + 2 = 4*p, -n*j + 4*p + 64 = 0. Calculate the remainder when 36 is divided by j.
17
Suppose 3*m = -m + 3*s - 4, -3*m - 4*s = -22. Let i = 10 - m. Let r(y) = y**2 + 35*y + 314. Calculate the remainder when r(-15) is divided by i.
6
Let j = -39 - -145. Suppose -f - 5*x + 2 + 0 = 0, -3*f + 96 = -3*x. Calculate the remainder when j is divided by f.
25
Let q = -179 + 278. Calculate the remainder when q is divided by 35.
29
Suppose -32 = 3*j + 2*o, 4*o - 25 = 5*j + 21. Let r(p) = -2*p + 17. Calculate the remainder when r(j) is divided by 19.
18
Suppose -3*g + 41 = 2*u + 3*u, 0 = 5*g - 2*u - 89. Suppose 64 = -3*b - b. Let n = 80 + b. What is the remainder when n is divided by g?
13
Let b = 1 + -3. Calculate the remainder when 45 is divided by b/(-4)*(0 - -46).
22
Let n(z) = z**2 + 2*z - 2. Let y be n(2). Suppose -4*r + 5*b + 19 = 0, -2*r + y*b - 3 = b. Suppose 4*i - 13 = r. What is the remainder when i is divided by 4?
2
Let v(l) = 16*l + 271. What is the remainder when 73 is divided by v(-16)?
13
Let u be 5/2*(-30)/(-25). Suppose d + u*d = 60. Suppose c - q = 4*q + d, -3*q - 15 = -c. What is the remainder when 29 is divided by c?
14
Let v be 2/(-6) + 1 + (-1372)/(-21). Let d = -54 + v. What is the remainder when 23 + (-2 - -1)*1 is divided by d?
10
Suppose 0 = 4*i - k - 6, -3*i + 8*i - 8 = k. Let n(p) = 3*p - 12. Calculate the remainder when n(5) is divided by i.
1
Suppose -108 - 92 = -d + 5*s, d - 191 = 2*s. Calculate the remainder when d is divided by 54.
23
Suppose -16 = 2*x - 86. Let b = -119 - -138. What is the remainder when x is divided by b?
16
Suppose 5*s - 525 = -5*r, -4*s + 5*r + 465 = -0*r. Calculate the remainder when s is divided by 38.
34
Let q(z) = z**2 + 2*z - 10. What is the remainder when q(8) is divided by 37?
33
Let s(n) = -n - 3. Let l(v) = -v**2 - 7*v - 10. Let h be l(-8). Calculate the remainder when 73 is divided by s(h).
13
Suppose 0 = -3*v + 2*v - 3*z + 9, 0 = v - z - 1. Let j be (-6)/(54/3)*15/(-1). Suppose -7*x + j = -6*x. Calculate the remainder when x is divided by v.
2
Suppose 4 = 4*s + 4*v, -4*s + 3*s - 3*v = 3. Calculate the remainder when 45 is divided by s.
0
Suppose u + 60 = 2*j, 4*u - 211 + 35 = -5*j. Calculate the remainder when 167 is divided by (-18449)/(-323) - (j/(-17) + 2).
53
Suppose 0 = -10*m + 437 - 337. Let n(a) = a**2 + 3*a + 5. Let d be n(-4). Suppose d = 4*j - 7. Calculate the remainder when m is divided by j.
2
Suppose 4*t - 2*t - 226 = 0. Let l(v) = 4*v**2 - 13*v - 6. What is the remainder when t is divided by l(5)?
26
Let n(k) = k**3 + 6*k**2 - 6*k + 3. Let g be n(-7). Let m be g/3*(-210)/20. Calculate the remainder when 19 is divided by 395/35 - 4/m.
8
Suppose 4*v + 0*o - 14 = -2*o, 2*v - 3*o + 5 = 0. Suppose -7*u - 4*g = -v*u - 55, 5*g = 4*u - 85. Calculate the remainder when 89 is divided by u.
14
What is the remainder when (5 + (-233)/(-3))/(2/15) is divided by 27?
26
Let w be (-2)/(-2 - 8/(-5)). Let b = -42 + w. Let m = b + 66. What is the remainder when m is divided by 8?
5
Let x(l) be the second derivative of 2*l + 2/3*l**3 + 1/3*l**4 - 1/2*l**2 + 0. Calculate the remainder when x(-3) is divided by 6.
5
Suppose 2*q - d - 1 + 3 = 0, -3*q = d - 7. Suppose 56 - q = c. What is the remainder when c is divided by (-3)/(-2) + 910/52?
17
What is the remainder when 73 is divided by -30*((-51)/42 + 10/(-35))?
28
Let v(t) = -2*t**3 + t + 2*t - t + 5*t**2 + t**3. Calculate the remainder when 37 is divided by v(5).
7
Suppose -32*b + 4*v - 31 = -35*b, -11 = -b - 2*v. Calculate the remainder when 14 is divided by b.
5
Let o(p) be the first derivative of -9*p**4/4 + p**3 - 3*p**2/2 + p - 4. Let g be o(2). Let v = g - -142. What is the remainder when v is divided by 20?
17
Suppose 8*p - 15*p + 1603 = 0. Calculate the remainder when p is divided by 35.
19
Let r = 12 - 13. Calculate the remainder when 21 - (r - 4) - (4 - 1) is divided by 8.
7
Suppose 15*w - 12 = 12*w. What is the remainder when 51 is divided by (6/(-15))/(w/(-130))?
12
Let f(n) = -n**2 - 6*n - 3. What is the remainder when 48 is divided by f(-4)?
3
Let m = 28 - 23. Suppose -q = -3*q, -w - m*q + 2 = 0. Calculate the remainder when 12 is divided by w.
0
Suppose -2*z + 4*z = 190. Suppose 3*i + 2*v + 16 = 5*i, -24 = -5*i + v. Suppose -i*c - 84 = -4*t, 15 + 0 = 5*c. Calculate the remainder when z is divided by t.
23
Suppose -2*v = 3*v - 40. Suppose 3*g = g + v. Calculate the remainder when 40 is divided by 12/g - (-22)/2.
12
Suppose -13*i - 28 = -14*i. Let h = -8 - -14. What is the remainder when i is divided by h?
4
What is the remainder when 1/((-8)/66)*(-5832)/162 is divided by 96?
9
Suppose -38 = -2*x - 3*v, -2*v - 117 = -5*x - 4*v. Let q = 368 - 246. Calculate the remainder when q is divided by x.
22
Suppose z + 3*w = w + 40, 5*w - 122 = -3*z. Calculate the remainder when 85 is divided by z.
41
Let i(n) = 4*n - 42. Let j be i(5). Let z = j - -33. Calculate the remainder when 63 is divided by z.
8
Let l(a) = 17*a**3 + a**2 - 6*a + 5. Calculate the remainder when 70 is divided by l(1).
2
What is the remainder when (-5)/(-5)*64 + 9 is divided by 7?
3
Let k(y) = 42*y - 10. Let f = -426 - -644. Let b = f - 93. Calculate the remainder when b is divided by k(1).
29
Suppose 0 = 2*d - 10, 2 = b - 4*d - 2. Let m = -19 + b. Suppose -4*g - z + 422 = 0, -4*z = m*g - 179 - 354. What is the remainder when g is divided by 36?
33
Suppose 2*m - 149 + 107 = 0. Calculate the remainder when m is divided by 11.
10
Let b(x) = 0*x - 5 + 9 - 6*x - 4*x**3 - 9 - 4*x**2. What is the remainder when b(-3) is divided by 22?
19
Suppose 0*a - 3*a = -2*z - 11, 5*z - 7 = -4*a. Suppose 0 = 3*c + 4*c + 182. Let i = c - -29. Calculate the remainder when a is divided by i.
0
Let o(k) = 2*k**2 - 4*k - 3. Let m be o(-2). Let t = -7 + m. Suppose 25*c = -31 + 131. Calculate the remainder when t is divided by c.
2
Suppose 55 = 4*h - j, 0*h = -2*h - j + 35. What is the remainder when 30 is divided by h?
0
Suppose -20*d = -521 - 2619. What is the remainder when d is divided by 32?
29
Let v = 84 + -55. Suppose 3*m = -d + 27, -3*m + 119 = 4*d + v. What is the remainder when 62 is divided by d?
20
Let y = 23 + 2. Suppose -2*o + 147 = -91. Calculate the remainder when y is divided by 34/o + 61/7.
7
Let i = 171 - 262. Let v = i - -252. Suppose -5*z + g + 2*g + 159 = 0, -5*z = -2*g - v. What is the remainder when z is divided by 12?
9
Let y = 7